ghest common divisor of 1032 and 1118?
86
What is the greatest common factor of 8064 and 212184?
504
Calculate the highest common divisor of 62 and 900457.
31
Calculate the greatest common divisor of 340 and 66504.
68
What is the highest common factor of 9645 and 3930?
15
Calculate the greatest common divisor of 2743 and 12961.
13
What is the highest common divisor of 449892 and 156?
12
What is the highest common factor of 38 and 3883296?
38
Calculate the highest common divisor of 35076 and 2.
2
Calculate the greatest common divisor of 5729 and 48756.
17
What is the highest common factor of 21 and 809697?
21
Calculate the greatest common divisor of 244748 and 105.
7
What is the greatest common factor of 1040774 and 544?
34
What is the highest common divisor of 5940 and 3186?
54
Calculate the greatest common divisor of 3408 and 296.
8
What is the highest common divisor of 63 and 7764771?
21
Calculate the highest common divisor of 54 and 43038.
54
What is the greatest common divisor of 7379 and 423?
47
Calculate the highest common factor of 226000 and 400.
400
What is the highest common divisor of 153 and 480165?
51
Calculate the highest common factor of 17313 and 29.
29
Calculate the greatest common factor of 139948 and 236.
236
What is the highest common factor of 5160 and 640?
40
Calculate the greatest common divisor of 444 and 491804.
148
What is the highest common factor of 768297 and 203?
29
What is the highest common divisor of 588 and 323652?
84
What is the highest common divisor of 136 and 117742?
34
What is the greatest common divisor of 42578 and 488?
122
Calculate the greatest common factor of 246 and 4479086.
82
Calculate the greatest common factor of 20230 and 765.
85
What is the greatest common divisor of 33528 and 77?
11
What is the greatest common divisor of 10832 and 2432?
16
What is the highest common divisor of 977424 and 168?
168
What is the greatest common factor of 90234 and 1296?
162
What is the highest common factor of 1242304 and 118?
118
Calculate the highest common factor of 71616 and 384.
192
Calculate the highest common factor of 1744586 and 878.
878
Calculate the greatest common divisor of 20368 and 1876.
268
What is the highest common factor of 274 and 1508918?
274
Calculate the greatest common factor of 488851 and 418.
209
Calculate the greatest common factor of 577260 and 40.
20
Calculate the greatest common factor of 256 and 4016.
16
Calculate the greatest common factor of 48917 and 297.
11
What is the highest common divisor of 35 and 80143?
7
Calculate the greatest common factor of 32 and 370808.
8
What is the highest common divisor of 3760 and 47320?
40
What is the greatest common factor of 435 and 344694?
87
What is the highest common divisor of 61142 and 11263?
1609
Calculate the greatest common divisor of 40 and 68232.
8
Calculate the highest common divisor of 17557 and 2715.
181
What is the highest common divisor of 27420 and 4530?
30
What is the greatest common divisor of 1586 and 689422?
122
Calculate the highest common factor of 18 and 2802.
6
What is the highest common factor of 1952 and 1159?
61
Calculate the greatest common factor of 39 and 3738423.
39
What is the greatest common divisor of 7596 and 270?
18
What is the highest common divisor of 182 and 11914?
14
Calculate the greatest common factor of 7692 and 702.
6
What is the highest common divisor of 284174 and 11?
11
What is the greatest common divisor of 1565590 and 2470?
130
What is the greatest common factor of 85296 and 5280?
48
Calculate the highest common divisor of 2147 and 13334.
113
What is the greatest common factor of 10842 and 52?
26
What is the greatest common factor of 954 and 11978?
106
Calculate the highest common factor of 991588 and 52.
52
What is the highest common factor of 1130697 and 657?
657
Calculate the highest common divisor of 207905 and 860.
215
Calculate the greatest common factor of 4832 and 662588.
604
Calculate the greatest common divisor of 258 and 653084.
86
What is the highest common factor of 501831 and 137?
137
What is the greatest common divisor of 5 and 36457?
1
Calculate the highest common divisor of 3395 and 26675.
485
What is the highest common factor of 41 and 60393?
41
What is the greatest common factor of 3784 and 93912?
344
Calculate the highest common factor of 117696 and 3.
3
What is the highest common divisor of 19 and 3919?
1
What is the greatest common factor of 29 and 1662019?
29
What is the highest common factor of 147275 and 19350?
1075
What is the highest common factor of 1219 and 5888?
23
Calculate the highest common divisor of 70 and 71680.
70
Calculate the greatest common factor of 567 and 9723.
21
Calculate the greatest common divisor of 709435 and 2852.
713
What is the highest common factor of 3480 and 8990?
290
Calculate the highest common factor of 10480 and 3820.
20
What is the greatest common divisor of 170630 and 50?
10
Calculate the highest common divisor of 44486 and 1885.
377
Calculate the greatest common divisor of 576 and 1760.
32
What is the highest common divisor of 63749 and 5204?
1301
Calculate the greatest common divisor of 479622 and 286.
286
Calculate the greatest common divisor of 6090 and 957.
87
Calculate the greatest common divisor of 1703892 and 84.
12
What is the highest common factor of 3740 and 46359?
17
Calculate the greatest common divisor of 16443 and 6881.
7
Calculate the highest common divisor of 479930 and 220.
110
Calculate the greatest common divisor of 19716 and 7420.
212
What is the highest common divisor of 140692 and 493?
17
What is the highest common divisor of 2211191 and 3394?
1697
Calculate the greatest common factor of 1964 and 1283965.
491
What is the greatest common divisor of 1 and 73524?
1
What is the highest common divisor of 6194 and 28851?
163
Calculate the greatest common factor of 1064 and 20104.
56
What is the highest common factor of 42 and 896?
14
What is the highest common factor of 269086 and 1328?
166
Calculate the greatest common factor of 10 and 566410.
10
What is the highest common divisor of 14 and 150?
2
What is the highest common factor of 74211 and 1195053?
2559
What is the greatest common factor of 625 and 14000?
125
Calculate the greatest common divisor of 1134 and 48090.
42
What is the highest common divisor of 28465 and 10?
5
What is the highest common divisor of 18 and 9276?
6
Calculate the greatest common factor of 52460 and 215.
215
What is the greatest common factor of 3051 and 20679?
339
Calculate the highest common factor of 943 and 12136.
41
What is the highest common factor of 899 and 7917?
29
Calculate the highest common factor of 1826 and 9482.
22
What is the highest common divisor of 5537 and 10961?
113
What is the greatest common factor of 13616 and 3312?
368
What is the greatest common divisor of 139952 and 400?
16
Calculate the greatest common divisor of 1702134 and 114.
114
What is the highest common factor of 2704 and 81796?
676
What is the greatest common divisor of 465 and 345?
15
Calculate the highest common divisor of 378 and 4466.
14
What is the highest common divisor of 14324 and 192?
4
What is the greatest common divisor of 83375 and 1624?
29
Calculate the greatest common factor of 1129073 and 11.
11
What is the highest common factor of 4384 and 160?
32
What is the highest common factor of 1573 and 891?
11
What is the highest common divisor of 41 and 3943?
1
Calculate the highest common divisor of 53406 and 301806.
1242
What is the highest common divisor of 24500 and 280?
140
What is the greatest common divisor of 1881 and 322069?
209
What is the highest common factor of 3580 and 908?
4
What is the greatest common factor of 289 and 306629?
289
Calculate the greatest common divisor of 630 and 1162440.
90
Calculate the greatest common divisor of 168993 and 27.
27
What is the greatest common divisor of 650 and 56316?
26
Calculate the greatest common divisor of 4078 and 19.
1
Calculate the greatest common factor of 14160 and 40.
40
What is the greatest common divisor of 504 and 8664?
24
What is the highest common factor of 478 and 275089?
239
What is the greatest common divisor of 11772 and 3186?
54
What is the greatest common divisor of 7718 and 102?
34
What is the highest common factor of 2832